{"id":5,"date":"2021-03-15T14:53:37","date_gmt":"2021-03-15T14:53:37","guid":{"rendered":"http:\/\/vveritas.com.mx\/?page_id=5"},"modified":"2025-03-12T11:46:15","modified_gmt":"2025-03-12T17:46:15","slug":"inicio","status":"publish","type":"page","link":"https:\/\/vveritas.com.mx\/","title":{"rendered":"Inicio"},"content":{"rendered":"\n<h3 class=\"wp-block-heading has-text-align-center\">Bienvenido a Verificaciones Veritas S.A. de C.V.<br>Empresa 100 % mexicana<\/h3>\n\n\n\n<p class=\"has-text-align-center\">Somos una unidad de inspecci\u00f3n que se rige bajo la NOM-005-SCFI-2017 instrumentos de medicion (Dispensarios de Gasolina).<\/p>\n\n\n\n<p class=\"has-text-align-center\">Acreditada por entidad mexicana de acreditaci\u00f3n, A.C. (EMA), aprobada por la direcci\u00f3n general de normas de la secretar\u00eda de econom\u00eda (DGN) y reconocida por la Procuradur\u00eda Federal del Consumidor (PROFECO).<\/p>\n\n\n\n<p class=\"has-text-align-center\">Contamos con m\u00e1s de 10 a\u00f1os de experiencia en atenci\u00f3n a clientes y despacho de combustible por lo que conocemos las prioridades y necesidades de los empresarios.<\/p>\n\n\n\n<div style=\"height:100px\" aria-hidden=\"true\" class=\"wp-block-spacer\"><\/div>\n","protected":false},"excerpt":{"rendered":"<p>Bienvenido a Verificaciones Veritas S.A. de C.V.Empresa 100 % mexicana Somos una unidad de inspecci\u00f3n que se rige bajo la NOM-005-SCFI-2017 instrumentos de medicion (Dispensarios de Gasolina). Acreditada por entidad mexicana de acreditaci\u00f3n, A.C. (EMA), aprobada por la direcci\u00f3n general de normas de la secretar\u00eda de econom\u00eda (DGN) y reconocida por la Procuradur\u00eda Federal del &hellip; <\/p>\n<p class=\"link-more\"><a href=\"https:\/\/vveritas.com.mx\/\" class=\"more-link\">Leer m\u00e1s<span class=\"screen-reader-text\"> \u00abInicio\u00bb<\/span><\/a><\/p>\n","protected":false},"author":1,"featured_media":0,"parent":0,"menu_order":1,"comment_status":"closed","ping_status":"closed","template":"page-templates\/no-title.php","meta":{"footnotes":""},"class_list":["post-5","page","type-page","status-publish","hentry"],"_links":{"self":[{"href":"https:\/\/vveritas.com.mx\/index.php\/wp-json\/wp\/v2\/pages\/5","targetHints":{"allow":["GET"]}}],"collection":[{"href":"https:\/\/vveritas.com.mx\/index.php\/wp-json\/wp\/v2\/pages"}],"about":[{"href":"https:\/\/vveritas.com.mx\/index.php\/wp-json\/wp\/v2\/types\/page"}],"author":[{"embeddable":true,"href":"https:\/\/vveritas.com.mx\/index.php\/wp-json\/wp\/v2\/users\/1"}],"replies":[{"embeddable":true,"href":"https:\/\/vveritas.com.mx\/index.php\/wp-json\/wp\/v2\/comments?post=5"}],"version-history":[{"count":12,"href":"https:\/\/vveritas.com.mx\/index.php\/wp-json\/wp\/v2\/pages\/5\/revisions"}],"predecessor-version":[{"id":193,"href":"https:\/\/vveritas.com.mx\/index.php\/wp-json\/wp\/v2\/pages\/5\/revisions\/193"}],"wp:attachment":[{"href":"https:\/\/vveritas.com.mx\/index.php\/wp-json\/wp\/v2\/media?parent=5"}],"curies":[{"name":"wp","href":"https:\/\/api.w.org\/{rel}","templated":true}]}}