{"id":9,"date":"2021-03-15T14:57:33","date_gmt":"2021-03-15T14:57:33","guid":{"rendered":"http:\/\/vveritas.com.mx\/?page_id=9"},"modified":"2025-03-12T11:41:35","modified_gmt":"2025-03-12T17:41:35","slug":"nosotros","status":"publish","type":"page","link":"https:\/\/vveritas.com.mx\/index.php\/nosotros\/","title":{"rendered":"Nosotros"},"content":{"rendered":"\n<div class=\"wp-block-group alignfull has-global-padding is-layout-constrained wp-block-group-is-layout-constrained\">\n<div class=\"wp-block-cover alignfull wp-duotone-unset-1\" style=\"min-height:158px;aspect-ratio:unset;\"><span aria-hidden=\"true\" class=\"wp-block-cover__background has-background-dim\"><\/span><img loading=\"lazy\" decoding=\"async\" width=\"1080\" height=\"260\" class=\"wp-block-cover__image-background wp-image-44\" alt=\"\" src=\"https:\/\/vveritas.com.mx\/wp-content\/uploads\/2025\/03\/IMG6.webp\" data-object-fit=\"cover\" srcset=\"https:\/\/vveritas.com.mx\/wp-content\/uploads\/2025\/03\/IMG6.webp 1080w, https:\/\/vveritas.com.mx\/wp-content\/uploads\/2025\/03\/IMG6-300x72.webp 300w, https:\/\/vveritas.com.mx\/wp-content\/uploads\/2025\/03\/IMG6-1024x247.webp 1024w, https:\/\/vveritas.com.mx\/wp-content\/uploads\/2025\/03\/IMG6-768x185.webp 768w\" sizes=\"auto, (max-width: 1080px) 100vw, 1080px\" \/><div class=\"wp-block-cover__inner-container is-layout-flow wp-block-cover-is-layout-flow\">\n<p class=\"has-text-align-center has-large-font-size\"><strong>Tu beneficio es nuestro punto de partida<\/strong><\/p>\n<\/div><\/div>\n<\/div>\n\n\n\n<h2 class=\"wp-block-heading has-text-align-center\"><strong>Misi\u00f3n<\/strong><\/h2>\n\n\n\n<p class=\"has-text-align-center\">Generar esquemas de inspecci\u00f3n de instrumentos de medici\u00f3n que permita a nuestros clientes desarrollar sus negocios.<\/p>\n\n\n\n<hr class=\"wp-block-separator has-alpha-channel-opacity\"\/>\n\n\n\n<h2 class=\"wp-block-heading has-text-align-center\"><strong>Visi\u00f3n<\/strong><\/h2>\n\n\n\n<p class=\"has-text-align-center\">Ser una empresa con presencia en toda la rep\u00fablica con servicio de calidad para tranquilidad de nuestros clientes.<\/p>\n\n\n\n<hr class=\"wp-block-separator has-alpha-channel-opacity\"\/>\n\n\n\n<h2 class=\"wp-block-heading has-text-align-center\">Valores<\/h2>\n\n\n\n<div class=\"wp-block-group has-global-padding is-layout-constrained wp-block-group-is-layout-constrained\">\n<p class=\"has-text-align-center\">Honestidad<\/p>\n\n\n\n<p class=\"has-text-align-center\">Confianza<\/p>\n\n\n\n<p class=\"has-text-align-center\">Respeto<\/p>\n\n\n\n<p class=\"has-text-align-center\">Puntualidad<\/p>\n\n\n\n<p class=\"has-text-align-center\">Pasi\u00f3n<\/p>\n<\/div>\n\n\n\n<hr class=\"wp-block-separator has-alpha-channel-opacity\"\/>\n\n\n\n<div style=\"height:100px\" aria-hidden=\"true\" class=\"wp-block-spacer\"><\/div>\n\n\n\n<p><\/p>\n","protected":false},"excerpt":{"rendered":"<p>Misi\u00f3n Generar esquemas de inspecci\u00f3n de instrumentos de medici\u00f3n que permita a nuestros clientes desarrollar sus negocios. Visi\u00f3n Ser una empresa con presencia en toda la rep\u00fablica con servicio de calidad para tranquilidad de nuestros clientes. Valores Honestidad Confianza Respeto Puntualidad Pasi\u00f3n<\/p>\n","protected":false},"author":1,"featured_media":0,"parent":0,"menu_order":3,"comment_status":"closed","ping_status":"closed","template":"page-templates\/no-title.php","meta":{"footnotes":""},"class_list":["post-9","page","type-page","status-publish","hentry"],"_links":{"self":[{"href":"https:\/\/vveritas.com.mx\/index.php\/wp-json\/wp\/v2\/pages\/9","targetHints":{"allow":["GET"]}}],"collection":[{"href":"https:\/\/vveritas.com.mx\/index.php\/wp-json\/wp\/v2\/pages"}],"about":[{"href":"https:\/\/vveritas.com.mx\/index.php\/wp-json\/wp\/v2\/types\/page"}],"author":[{"embeddable":true,"href":"https:\/\/vveritas.com.mx\/index.php\/wp-json\/wp\/v2\/users\/1"}],"replies":[{"embeddable":true,"href":"https:\/\/vveritas.com.mx\/index.php\/wp-json\/wp\/v2\/comments?post=9"}],"version-history":[{"count":34,"href":"https:\/\/vveritas.com.mx\/index.php\/wp-json\/wp\/v2\/pages\/9\/revisions"}],"predecessor-version":[{"id":190,"href":"https:\/\/vveritas.com.mx\/index.php\/wp-json\/wp\/v2\/pages\/9\/revisions\/190"}],"wp:attachment":[{"href":"https:\/\/vveritas.com.mx\/index.php\/wp-json\/wp\/v2\/media?parent=9"}],"curies":[{"name":"wp","href":"https:\/\/api.w.org\/{rel}","templated":true}]}}